 List the prime factors of k(o).
3
Suppose -8*i = -5*i - 30. Suppose -3*z = -5*z + i. Suppose -102 = -z*d + 123. What are the prime factors of d?
3, 5
List the prime factors of ((-5)/(-2) + -4)*-562.
3, 281
Suppose 4*n = -4*w, -2*w = 2*w - 3*n - 28. Suppose 2*v = w*s + s - 1231, -2*s - 5*v = -475. List the prime factors of s.
5, 7
Let k = 306 + -304. What are the prime factors of k?
2
Let r(k) = 9*k + 0 - 2*k**2 + 3 + 3*k**2. Let w be r(-9). What are the prime factors of 0 + (-33)/(-1) + w?
2, 3
Let r(d) = -6*d + 16. Let x be r(0). Suppose 0 = 2*k - 4*l - 432, 9 + x = 5*l. What are the prime factors of k?
2, 113
Suppose j - 1045 = -o, 0 = o - 35*j + 38*j - 1053. List the prime factors of o.
3, 347
Let h = -11 + 16. Suppose 3*p + p - 57 = -h*r, -3*r = -p + 27. What are the prime factors of p?
2, 3
Let c be (-1)/3 + 4*21/(-18). Let i(s) = -7*s + 6. List the prime factors of i(c).
41
Let n(r) = -5 + 30*r**2 + 17*r**2 - 32*r**2 - r**3 - 28*r. List the prime factors of n(12).
7, 13
Let k(t) = -10*t**3 + t**2 - 2*t - 2. Let g be k(-2). Suppose j = -3*c + 439, 2*c + 5*j = 198 + g. List the prime factors of c.
3, 7
Let l(f) = -2*f + 2. Let y be l(11). Let w be (-3)/(1 - (-32)/y). Suppose w = 2*i - 39. List the prime factors of i.
2, 11
Let q be 0/1*(4 + 2)/(-12). Suppose q = 12*m - 1992 + 636. What are the prime factors of m?
113
Suppose -5*s + 4*l + 98 = 0, -2*l - 3*l = s - 37. Let a(f) = -3*f**2 - 2 - 22 + 2*f**2 + s*f. What are the prime factors of a(19)?
3, 11
Let o(t) = -t + 13. Let c be o(0). Let m(k) = -k**3 + 12*k**2 + 14*k - 6. What are the prime factors of m(c)?
7
Let y = -38 - -37. What are the prime factors of (13 + y)/(4/18)?
2, 3
Suppose 0 = 6*x + 39 - 669. List the prime factors of x.
3, 5, 7
Let n = -142 - -211. List the prime factors of n.
3, 23
Let t be (2/(-4))/((-7)/42). Suppose 3*u - 308 = -t*v + 166, 0 = -4*v + u + 627. Suppose h - 34 = -2*j + 62, -3*j + v = -5*h. List the prime factors of j.
7
Let i = 9991 - 6500. List the prime factors of i.
3491
Let r(y) = y**3 + 12*y**2 + y + 15. Let a be r(-12). Let d be -90*(a - 0)/6. List the prime factors of (d/(-12))/(18/240).
2, 5
Let l be 1/(0 - (-1)/12). Suppose 3*j = 6*j - l. Suppose -j*b + 8*b = -f + 136, 0 = -4*b + 5*f + 160. What are the prime factors of b?
5, 7
Let m be (-11)/(-5) - -3*5/(-75). What are the prime factors of m/(-1) - 32/(-8)?
2
Let p = -785 + 2957. List the prime factors of p.
2, 3, 181
Suppose 4*c + 884 = 2*s, 2519 = 5*s + c + 254. What are the prime factors of s?
2, 113
Let u(v) = 74*v**2 + 16*v + 48. What are the prime factors of u(-5)?
2, 3, 101
Suppose -2*b + 3*a + 21 = 0, -4*b = -2*a - 14 - 8. List the prime factors of 181 + ((3 - b)/(-4) - -2).
3, 61
Let s = 1 - -3. List the prime factors of 149/2 + (-6)/s.
73
Let g = 37 + -22. Let i(a) = 3*a - 6*a + 4*a - 27 + 16. What are the prime factors of i(g)?
2
What are the prime factors of (8 + -2812)/(-4) + (-4 - -2)?
3, 233
Let s(i) = -2*i - 4. Let a be s(-4). Suppose 4*q - 365 = -3*r, 0*q = a*r - 4*q - 524. List the prime factors of r.
127
Suppose 0 = -3*z + 7*z - 5*o - 8480, z - 5*o - 2135 = 0. What are the prime factors of z?
3, 5, 47
Let j be 3 - (-3 - (2 + -3)). Suppose 0 = -3*u - u + 16, p - u - j = 0. Suppose p*l = 5*l + 148. List the prime factors of l.
37
Suppose -5*d - 469 = 171. Let k be ((-18)/8)/(6/d). Suppose -k = -f - f. List the prime factors of f.
2, 3
Suppose 0*i + 16 = 2*i. Let n = -236 - -245. Suppose i*x = n*x - 66. What are the prime factors of x?
2, 3, 11
Let d = -12 + 15. Let i be (1*-1)/((-3)/d). List the prime factors of (6/3 + 25)*i.
3
Let o(s) = 68*s**2 - 3*s + 21. Let y(m) = 34*m**2 - m + 10. Let p(d) = -2*o(d) + 5*y(d). List the prime factors of p(3).
317
Suppose -7*u = -3*c - 5*u + 824, 5*u - 1415 = -5*c. What are the prime factors of c?
2, 139
Suppose 0 = -x + b + 1940, 4*x = -b + 8191 - 416. What are the prime factors of x?
29, 67
Suppose 19*d - 36045 = 4*d. What are the prime factors of d?
3, 89
Suppose -5*y = 2*i - 35, -4*i + 3*y = -9*i + 40. Suppose x + 2*c - 6*c - 47 = 0, 3*x - 89 = -c. Let j = x - i. What are the prime factors of j?
2, 13
Let c = 119 + -60. Suppose -2*t + 2*x + 0*x + 168 = 0, 99 = t + 4*x. Let i = t - c. List the prime factors of i.
2, 7
Suppose 125*k + 5904 = 134*k. List the prime factors of k.
2, 41
Suppose 0 = -8*i + 2675 + 7749. What are the prime factors of i?
1303
What are the prime factors of (-1965100)/(-1032) + (7/(-6) - -1)?
2, 7, 17
Suppose 9*h - 1423 = 1853. Let t = -160 + h. What are the prime factors of t?
2, 3, 17
Let s = -6 + 31. Let z = s + -6. List the prime factors of z.
19
Suppose 8*a - 2148 - 516 = 0. What are the prime factors of a?
3, 37
List the prime factors of (-8)/24*2973*(-2 - -1).
991
Let z(q) = 2 + 0*q + 4*q - 4*q + q. What are the prime factors of z(5)?
7
Suppose -12 = -4*m + 4. List the prime factors of 3/(-4) - (-211)/m.
2, 13
Let g(k) = -68*k**3 - 13*k**2 - 4*k + 4. What are the prime factors of g(-3)?
5, 347
Let n(x) = -x**3 - 11*x**2 - x - 2. Let b be n(-11). Let d be (0/(-2))/(18/b). Suppose d*u - 3*u + 102 = 0. List the prime factors of u.
2, 17
Suppose -v = -4*v + 3. Let q(w) = 49*w**3 + 2*w**2 - 2*w + 1. Let y be q(v). Let i = 75 - y. What are the prime factors of i?
5
Let h(f) = -f - 11. Let g be h(-17). Suppose -n - 5*l = -1, g*n + 3*l - 16 = 4*n. What are the prime factors of n?
11
Let l = -20 - -6. Let x = 56 + l. List the prime factors of x.
2, 3, 7
Let l = -5 + 10. Suppose l*t - 24 = 4*t. What are the prime factors of t?
2, 3
Let u = 20357 + 4073. List the prime factors of (-4)/(-6) + (u/21)/10.
3, 13
Let f = -46 - -47. What are the prime factors of -4 + 82 - (-4)/f?
2, 41
Let t(y) = 25*y**3 + 3*y**2 - 2*y + 2. Let c be t(2). Suppose -10*u + 12*u = c. Suppose u = -4*g + 9*g. What are the prime factors of g?
3, 7
Let a = 35 - 39. Let i be (-2 + 4/2)*1. What are the prime factors of (i - 18)*(-5 - a)?
2, 3
Suppose -42*z + 53*z = 2365. What are the prime factors of z?
5, 43
Let o(i) = i**2 + 6*i - 13. Let z = -137 + 126. What are the prime factors of o(z)?
2, 3, 7
Suppose 0*i - 4*i = -2*h - 176, i = -3*h + 30. Suppose 4*r - i = -x + 309, 0 = -3*r - x + 264. Let a = r - 49. List the prime factors of a.
2, 19
Suppose -56*h + 7616 = -52*h. What are the prime factors of h/24 + 3 + 2/(-6)?
2, 41
Suppose 153*k = 155*k - 28. What are the prime factors of k?
2, 7
Let g(l) = -2*l. Let k be g(-1). Let j be ((-16)/6)/(k/(-15)). Suppose 2*m - j = -4*f, -52 = -4*m + 5*f - f. List the prime factors of m.
2, 3
Let c(w) = w**3 + 11*w**2 + 6*w - 5. Let o(p) = -p**2 + 1. Let n(k) = c(k) + 5*o(k). Let s be n(-4). List the prime factors of (5 - s)/((-6)/52).
2, 13
Let p(q) be the second derivative of q**4/12 + q**3/3 - q**2 + q. Let v(z) = 6*z + 37. Let g be v(-7). What are the prime factors of p(g)?
13
Suppose 0 = -s + 3*s - 3*h - 39, 3*h = -4*s + 33. Let a = s - 9. Let b = a - -9. List the prime factors of b.
2, 3
Suppose -12*v = 11938 - 36106. List the prime factors of v.
2, 19, 53
Suppose -2*g = 4*g - 5*g. Suppose 0 = i - 2*d - 6, 3*i + g*i - 23 = 5*d. List the prime factors of i.
2
Let j be (0 - -170)*1/2 + 0. Let d = -38 + j. What are the prime factors of d?
47
Let f = -247 + 2792. What are the prime factors of f?
5, 509
Suppose 3*z - 15 = -0*z + 2*f, 2*f + 5 = z. Suppose z*x + x = 756. What are the prime factors of x?
2, 3, 7
What are the prime factors of ((-36)/(-4))/((-11)/(-66))?
2, 3
Suppose -1453 = 7*u - 5807. What are the prime factors of u?
2, 311
Let s = -15 - -20. Suppose s*l - 3*z - 273 = 0, 0 - 1 = z. List the prime factors of l.
2, 3
Let p(i) = 9*i + 5*i - 18 + i**2 - 2*i - 24. What are the prime factors of p(-17)?
43
Let t = 1624 - 1145. What are the prime factors of t?
479
Suppose 0 = p + 3*p - 8, 4*g = 5*p + 94. What are the prime factors of (-2)/4 - (-3731)/g?
11, 13
Suppose 423*m - 392*m = 202678. List the prime factors of m.
2, 7, 467
Suppose -107*d - 958 = -108*d. List the prime factors of d.
2, 479
Let a(i) = 5*i**2 + 2*i + 2. Let r be a(4). Let y = -594 + 557. Let x = r + y. List the prime factors of x.
53
Let q(t) = t**3 - 11*t**2 + 3*t. Let v(g) = -3*g - 10. Let z be v(-7). List the prime factors of q(z).
3, 11
Suppose 20*x = 18*x + 1002. List the prime factors of x.
3, 167
Suppose 32*g = 5285 + 4571. 